{"id":1408,"date":"2017-10-11T05:33:31","date_gmt":"2017-10-11T05:33:31","guid":{"rendered":"http:\/\/apressthemes.com\/demo35\/?page_id=1408"},"modified":"2017-10-11T05:33:31","modified_gmt":"2017-10-11T05:33:31","slug":"servicos","status":"publish","type":"page","link":"https:\/\/kurdian.com.br\/index.php\/servicos\/","title":{"rendered":"Servi\u00e7os"},"content":{"rendered":"<p>[vc_row][vc_column width=&#8221;1\/6&#8243;][\/vc_column][vc_column width=&#8221;2\/3&#8243;][vc_column_text]<span style=\"color: #4d4d4f;\">Um dos grandes diferenciais de um Laborat\u00f3rio de Pr\u00f3tese \u00e9 o conjunto de servi\u00e7os disponibilizados, gerando valor agregado ao cliente.<\/span>[\/vc_column_text][vc_column_text]<div id=\"footable_parent_1861\"\n         class=\" footable_parent ninja_table_wrapper loading_ninja_table wp_table_data_press_parent semantic_ui \">\n                <table data-ninja_table_instance=\"ninja_table_instance_0\" data-footable_id=\"1861\" data-filter-delay=\"1000\" aria-label=\"SERVICOS\"            id=\"footable_1861\"\n           data-unique_identifier=\"ninja_table_unique_id_3322285105_1861\"\n           class=\" foo-table ninja_footable foo_table_1861 ninja_table_unique_id_3322285105_1861 ui table  nt_type_ajax_table single line fixed selectable striped vertical_centered  footable-paging-right ninjatable_hide_header_row ninja_table_search_disabled\">\n                <colgroup>\n                            <col class=\"ninja_column_0 \">\n                    <\/colgroup>\n            <\/table>\n    \n    \n    \n<\/div>\n[\/vc_column_text][\/vc_column][vc_column width=&#8221;1\/6&#8243;][\/vc_column][\/vc_row]<\/p>\n","protected":false},"excerpt":{"rendered":"<p>[vc_row][vc_column width=&#8221;1\/6&#8243;][\/vc_column][vc_column width=&#8221;2\/3&#8243;][vc_column_text]Um dos grandes diferenciais de um Laborat\u00f3rio de Pr\u00f3tese \u00e9 o conjunto de servi\u00e7os disponibilizados, gerando valor agregado ao cliente.[\/vc_column_text][vc_column_text][\/vc_column_text][\/vc_column][vc_column width=&#8221;1\/6&#8243;][\/vc_column][\/vc_row]<\/p>\n","protected":false},"author":1,"featured_media":0,"parent":0,"menu_order":0,"comment_status":"closed","ping_status":"closed","template":"","meta":{"footnotes":""},"class_list":["post-1408","page","type-page","status-publish","hentry"],"_links":{"self":[{"href":"https:\/\/kurdian.com.br\/index.php\/wp-json\/wp\/v2\/pages\/1408","targetHints":{"allow":["GET"]}}],"collection":[{"href":"https:\/\/kurdian.com.br\/index.php\/wp-json\/wp\/v2\/pages"}],"about":[{"href":"https:\/\/kurdian.com.br\/index.php\/wp-json\/wp\/v2\/types\/page"}],"author":[{"embeddable":true,"href":"https:\/\/kurdian.com.br\/index.php\/wp-json\/wp\/v2\/users\/1"}],"replies":[{"embeddable":true,"href":"https:\/\/kurdian.com.br\/index.php\/wp-json\/wp\/v2\/comments?post=1408"}],"version-history":[{"count":0,"href":"https:\/\/kurdian.com.br\/index.php\/wp-json\/wp\/v2\/pages\/1408\/revisions"}],"wp:attachment":[{"href":"https:\/\/kurdian.com.br\/index.php\/wp-json\/wp\/v2\/media?parent=1408"}],"curies":[{"name":"wp","href":"https:\/\/api.w.org\/{rel}","templated":true}]}}