{"id":2000,"date":"2019-09-03T10:53:18","date_gmt":"2019-09-03T13:53:18","guid":{"rendered":"http:\/\/157.245.12.223\/?page_id=2000"},"modified":"2019-09-03T10:53:18","modified_gmt":"2019-09-03T13:53:18","slug":"enceramento-diagnostico","status":"publish","type":"page","link":"https:\/\/kurdian.com.br\/index.php\/enceramento-diagnostico\/","title":{"rendered":"Enceramento Diagn\u00f3stico"},"content":{"rendered":"<p>[vc_row][vc_column width=&#8221;1\/3&#8243;][vc_single_image image=&#8221;2001&#8243; img_size=&#8221;full&#8221; alignment=&#8221;center&#8221; css=&#8221;.vc_custom_1567518782592{padding-top: 45px !important;}&#8221;][\/vc_column][vc_column width=&#8221;1\/2&#8243;][vc_column_text]<\/p>\n<p style=\"text-align: justify;\"><strong>Enceramento Diagn\u00f3stico<br \/>\n<\/strong>O enceramento diagn\u00f3stico digital \u00e9 uma alternativa moderna e usa scanners intraorais ou de bancada para ler a anatomia bucal do paciente ou seu modelo de gesso, depois gera uma imagem 3D. Aquilo que o t\u00e9cnico faria de forma anal\u00f3gica, agora \u00e9 trabalhado no computador, com imagens digitais e biblioteca de formas dentais \u2013 dentro de um ambiente que favorece o trabalho altamente est\u00e9tico e detalhista.<\/p>\n<p>Com o modelo tridimensional utilizado para o planejamento em m\u00e3os \u2013 seja para diagn\u00f3sticos, guias ou moldes para gerar alinhadores \u2013, todos ganham: o dentista e o t\u00e9cnico em pr\u00f3tese aumentar\u00e3o a produtividade, a rentabilidade e o resultado, enquanto o paciente ter\u00e1 menor tempo de tratamento, maior conforto e maior qualidade.<\/p>\n<p>[\/vc_column_text][\/vc_column][vc_column width=&#8221;1\/6&#8243;][\/vc_column][\/vc_row]<\/p>\n","protected":false},"excerpt":{"rendered":"<p>[vc_row][vc_column width=&#8221;1\/3&#8243;][vc_single_image image=&#8221;2001&#8243; img_size=&#8221;full&#8221; alignment=&#8221;center&#8221; css=&#8221;.vc_custom_1567518782592{padding-top: 45px !important;}&#8221;][\/vc_column][vc_column width=&#8221;1\/2&#8243;][vc_column_text] Enceramento Diagn\u00f3stico O enceramento diagn\u00f3stico digital \u00e9 uma alternativa moderna e usa scanners intraorais ou de bancada para ler a anatomia bucal do paciente ou seu modelo de gesso, depois gera<span class=\"read_more_area\"><a class=\"read-more\" href=\"https:\/\/kurdian.com.br\/index.php\/enceramento-diagnostico\/\"> Continue Lendo <\/a><\/span><\/p>\n","protected":false},"author":1,"featured_media":0,"parent":0,"menu_order":0,"comment_status":"closed","ping_status":"closed","template":"","meta":{"footnotes":""},"class_list":["post-2000","page","type-page","status-publish","hentry"],"_links":{"self":[{"href":"https:\/\/kurdian.com.br\/index.php\/wp-json\/wp\/v2\/pages\/2000","targetHints":{"allow":["GET"]}}],"collection":[{"href":"https:\/\/kurdian.com.br\/index.php\/wp-json\/wp\/v2\/pages"}],"about":[{"href":"https:\/\/kurdian.com.br\/index.php\/wp-json\/wp\/v2\/types\/page"}],"author":[{"embeddable":true,"href":"https:\/\/kurdian.com.br\/index.php\/wp-json\/wp\/v2\/users\/1"}],"replies":[{"embeddable":true,"href":"https:\/\/kurdian.com.br\/index.php\/wp-json\/wp\/v2\/comments?post=2000"}],"version-history":[{"count":0,"href":"https:\/\/kurdian.com.br\/index.php\/wp-json\/wp\/v2\/pages\/2000\/revisions"}],"wp:attachment":[{"href":"https:\/\/kurdian.com.br\/index.php\/wp-json\/wp\/v2\/media?parent=2000"}],"curies":[{"name":"wp","href":"https:\/\/api.w.org\/{rel}","templated":true}]}}